17
What is the remainder when 40171 is divided by 10032?
43
What is the remainder when 103391 is divided by 34446?
53
Calculate the remainder when 34136 is divided by 169.
167
What is the remainder when 294002 is divided by 6?
2
Calculate the remainder when 22330 is divided by 11164.
2
Calculate the remainder when 4415 is divided by 82.
69
What is the remainder when 10676 is divided by 667?
4
Calculate the remainder when 41398 is divided by 3184.
6
What is the remainder when 15947 is divided by 438?
179
What is the remainder when 1477 is divided by 81?
19
Calculate the remainder when 1884 is divided by 926.
32
What is the remainder when 23569 is divided by 5889?
13
What is the remainder when 2680 is divided by 138?
58
What is the remainder when 46407 is divided by 2728?
31
Calculate the remainder when 26141 is divided by 8.
5
Calculate the remainder when 7074 is divided by 394.
376
Calculate the remainder when 9417 is divided by 4092.
1233
Calculate the remainder when 7946 is divided by 7856.
90
What is the remainder when 4153 is divided by 2072?
9
What is the remainder when 43040 is divided by 43?
40
Calculate the remainder when 35639 is divided by 327.
323
Calculate the remainder when 21650 is divided by 18.
14
What is the remainder when 3307 is divided by 1008?
283
Calculate the remainder when 566222 is divided by 275.
272
What is the remainder when 3419744 is divided by 1187?
1184
Calculate the remainder when 3260453 is divided by 59.
54
What is the remainder when 455317 is divided by 16261?
9
Calculate the remainder when 23279 is divided by 133.
4
What is the remainder when 45001 is divided by 27?
19
What is the remainder when 2243861 is divided by 342?
341
What is the remainder when 68459 is divided by 9778?
13
What is the remainder when 24306 is divided by 278?
120
Calculate the remainder when 1626 is divided by 104.
66
Calculate the remainder when 24539 is divided by 3285.
1544
What is the remainder when 119744 is divided by 9?
8
Calculate the remainder when 5954 is divided by 737.
58
Calculate the remainder when 597 is divided by 597.
0
What is the remainder when 46136 is divided by 13?
12
Calculate the remainder when 3268689 is divided by 15.
9
Calculate the remainder when 8637 is divided by 2851.
84
Calculate the remainder when 3604002 is divided by 29.
27
Calculate the remainder when 42536 is divided by 1215.
11
What is the remainder when 9978 is divided by 454?
444
What is the remainder when 16112 is divided by 3221?
7
Calculate the remainder when 1047695 is divided by 552.
551
What is the remainder when 7635 is divided by 545?
5
Calculate the remainder when 91376 is divided by 13052.
12
Calculate the remainder when 2159 is divided by 444.
383
What is the remainder when 1311 is divided by 14?
9
Calculate the remainder when 1017 is divided by 41.
33
What is the remainder when 6411 is divided by 6?
3
What is the remainder when 523 is divided by 84?
19
What is the remainder when 283156 is divided by 131?
65
Calculate the remainder when 12302 is divided by 6099.
104
Calculate the remainder when 5452 is divided by 905.
22
What is the remainder when 8896 is divided by 888?
16
What is the remainder when 2941730 is divided by 783?
782
What is the remainder when 6385 is divided by 1590?
25
Calculate the remainder when 17643 is divided by 392.
3
What is the remainder when 101511 is divided by 3904?
7
Calculate the remainder when 1189 is divided by 228.
49
What is the remainder when 30814 is divided by 7?
0
What is the remainder when 17580 is divided by 17570?
10
Calculate the remainder when 57620 is divided by 2878.
60
What is the remainder when 92005 is divided by 434?
431
Calculate the remainder when 11126 is divided by 116.
106
What is the remainder when 70812 is divided by 7?
0
What is the remainder when 10909 is divided by 176?
173
What is the remainder when 5767 is divided by 26?
21
Calculate the remainder when 7347 is divided by 23.
10
What is the remainder when 3508 is divided by 250?
8
Calculate the remainder when 427753 is divided by 62.
15
What is the remainder when 294016 is divided by 10?
6
Calculate the remainder when 13713 is divided by 188.
177
Calculate the remainder when 1272 is divided by 51.
48
Calculate the remainder when 20177 is divided by 2017.
7
What is the remainder when 3363 is divided by 447?
234
Calculate the remainder when 123573 is divided by 479.
470
Calculate the remainder when 2767 is divided by 1075.
617
What is the remainder when 71299 is divided by 29?
17
What is the remainder when 24949 is divided by 24922?
27
What is the remainder when 114095 is divided by 33?
14
What is the remainder when 158463 is divided by 232?
7
Calculate the remainder when 55761 is divided by 143.
134
Calculate the remainder when 133042 is divided by 8315.
2
What is the remainder when 16672 is divided by 4163?
20
Calculate the remainder when 2234 is divided by 529.
118
What is the remainder when 11974 is divided by 164?
2
What is the remainder when 14761 is divided by 195?
136
What is the remainder when 2251 is divided by 1124?
3
Calculate the remainder when 24679 is divided by 81.
55
What is the remainder when 41259 is divided by 46?
43
What is the remainder when 2983 is divided by 752?
727
What is the remainder when 36920 is divided by 586?
2
Calculate the remainder when 12366 is divided by 1711.
389
What is the remainder when 555 is divided by 484?
71
What is the remainder when 10440 is divided by 315?
45
What is the remainder when 153 is divided by 23?
15
What is the remainder when 1200 is divided by 265?
140
What is the remainder when 217257 is divided by 36?
33
What is the remainder when 12998 is divided by 925?
48
What is the remainder when 563385 is divided by 1412?
1409
Calculate the remainder when 41716 is divided by 74.
54
Calculate the remainder when 154873 is divided by 45.
28
Calculate the remainder when 2055 is divided by 123.
87
What is the remainder when 24973 is divided by 91?
39
Calculate the remainder when 15742 is divided by 2244.
34
Calculate the remainder when 4409 is divided by 1460.
29
What is the remainder when 1517 is divided by 160?
77
Calculate the remainder when 2750 is divided by 2061.
689
What is the remainder when 1484 is divided by 462?
98
What is the remainder when 946302 is divided by 15?
12
Calculate the remainder when 1707554 is divided by 5929.
2
What is the remainder when 3146255 is divided by 8?
7
What is the remainder when 226488 is divided by 2220?
48
What is the remainder when 268625 is divided by 492?
485
Calculate the remainder when 10872 is divided by 232.
200
What is the remainder when 5889 is divided by 70?
9
What is the remainder when 8109 is divided by 370?
339
What is the remainder when 7128 is divided by 547?
17
Calculate the remainder when 921456 is divided by 2603.
2597
Calculate the remainder when 17766 is divided by 8867.
32
What is the remainder when 6055 is divided by 1512?
7
Calculate the remainder when 10660 is divided by 2131.
5
What is the remainder when 2377183 is divided by 506?
501
What is the remainder when 25922 is divided by 4294?
158
What is the remainder when 9322 is divided by 9316?
6
Calculate the remainder when 34812 is divided by 916.
4
What is the remainder when 2510 is divided by 140?
130
What is the remainder when 1660447 is divided by 38?
37
Calculate the remainder when 5626 is divided by 84.
82
Calculate the remainder when 1088113 is divided by 544055.
3
What is the remainder when 5778 is divided by 320?
18
What is the remainder when 17403 is divided by 8668?
67
Calculate the remainder when 431862 is divided by 438.
432
Calculate the remainder when 2468 is divided by 166.
144
What is the remainder when 1911 is divided by 885?
141
What is the remainder when 13266 is divided by 31?
29
Calculate the remainder when 860 is divided by 643.
217
What is the remainder when 239504 is divided by 16?
0
Calculate the remainder when 135094 is divided by 37.
7
Calculate the remainder when 20031 is divided by 417.
15
Calculate the remainder when 3433418 is divided by 20.
18
Calculate the remainder when 1063 is divided by 276.
235
What is the remainder when 1432222 is divided by 9?
7
Calculate the remainder when 142586 is divided by 194.
190
Calculate the remaind